 83, 229, 4327
List the prime factors of 469306189.
11, 42664199
List the prime factors of 2342202381.
3, 260244709
What are the prime factors of 500417827?
7, 13, 313, 17569
List the prime factors of 89438164.
2, 223, 100267
What are the prime factors of 1323271696?
2, 23, 3595847
What are the prime factors of 47030224?
2, 31, 94819
What are the prime factors of 11318183?
11318183
List the prime factors of 4506377860.
2, 5, 29, 47, 165311
What are the prime factors of 239725453?
11, 21793223
What are the prime factors of 37465308?
2, 3, 41, 8461
What are the prime factors of 541177517?
541177517
What are the prime factors of 60933330?
2, 3, 5, 127, 1777
List the prime factors of 29331058.
2, 293, 50053
List the prime factors of 1118857058.
2, 11, 50857139
What are the prime factors of 62924321?
73, 861977
What are the prime factors of 12147699?
3, 89, 45497
What are the prime factors of 138316463?
61, 2267483
What are the prime factors of 57684130?
2, 5, 7, 41, 101, 199
List the prime factors of 40595195.
5, 61, 167, 797
List the prime factors of 322920588.
2, 3, 26910049
What are the prime factors of 32403152?
2, 2025197
What are the prime factors of 378068759?
378068759
What are the prime factors of 111481024?
2, 1741891
List the prime factors of 200449168.
2, 12528073
List the prime factors of 254863789.
254863789
List the prime factors of 41133408.
2, 3, 428473
List the prime factors of 80844582.
2, 3, 7, 13, 19, 7793
List the prime factors of 464050437.
3, 461, 335539
What are the prime factors of 3360617465?
5, 31, 2687, 8069
What are the prime factors of 268871949?
3, 17, 521, 3373
What are the prime factors of 156851761?
11, 14259251
List the prime factors of 7381627670.
2, 5, 283, 2608349
What are the prime factors of 21497587?
21497587
What are the prime factors of 2008785936?
2, 3, 43, 359, 2711
What are the prime factors of 70338827?
13, 619, 8741
What are the prime factors of 5115354?
2, 3, 852559
What are the prime factors of 57874270?
2, 5, 5787427
What are the prime factors of 2391643435?
5, 478328687
List the prime factors of 205119867.
3, 68373289
What are the prime factors of 519426551?
7, 17, 197, 22157
List the prime factors of 251809537.
7, 197, 182603
What are the prime factors of 155782471?
13, 31, 61, 6337
What are the prime factors of 88639667?
97, 913811
List the prime factors of 4661990765.
5, 19, 2551, 19237
What are the prime factors of 942331886?
2, 8863, 53161
List the prime factors of 1901189052.
2, 3, 7, 67, 112603
List the prime factors of 3549373943.
137, 239, 108401
List the prime factors of 536341687.
7, 17, 4507073
List the prime factors of 265392172.
2, 157, 269, 1571
What are the prime factors of 110430796?
2, 7, 3943957
What are the prime factors of 84456397?
127, 665011
List the prime factors of 320237261.
8737, 36653
What are the prime factors of 478823969?
13, 36832613
List the prime factors of 67702720.
2, 5, 211571
What are the prime factors of 752562?
2, 3, 41809
What are the prime factors of 1631335101?
3, 11, 41, 1205717
What are the prime factors of 150606423?
3, 11, 89, 17093
What are the prime factors of 120124853?
120124853
What are the prime factors of 1166933709?
3, 167, 281, 307
List the prime factors of 25407662.
2, 7, 31, 58543
What are the prime factors of 4795135803?
3, 181, 2943607
List the prime factors of 676945653.
3, 47, 4801033
What are the prime factors of 44047458?
2, 3, 7, 13, 26891
What are the prime factors of 118699808?
2, 107, 34667
What are the prime factors of 26830555?
5, 619, 8669
List the prime factors of 222240405.
3, 5, 17, 871531
List the prime factors of 86292813.
3, 19, 1513909
What are the prime factors of 101994749?
101, 167, 6047
List the prime factors of 4911715086.
2, 3, 97, 251, 33623
What are the prime factors of 407331659?
7, 53, 67, 2341
What are the prime factors of 27341731?
193, 141667
List the prime factors of 155981914.
2, 11, 7090087
What are the prime factors of 4999369?
647, 7727
What are the prime factors of 755227533?
3, 17, 43, 521, 661
What are the prime factors of 119921529?
3, 7, 13, 439273
What are the prime factors of 28515545?
5, 17, 335477
What are the prime factors of 2046856082?
2, 1023428041
What are the prime factors of 1360782755?
5, 19, 14324029
List the prime factors of 853474898.
2, 257, 1660457
List the prime factors of 128159231.
37, 61, 56783
What are the prime factors of 1168349637?
3, 7, 13, 4279669
What are the prime factors of 1227502698?
2, 3, 367, 557449
List the prime factors of 3657058367.
43, 409, 207941
List the prime factors of 60519755.
5, 97, 124783
What are the prime factors of 906215620?
2, 5, 41, 1105141
List the prime factors of 170440949.
7, 43, 463, 1223
List the prime factors of 60007008.
2, 3, 17, 83, 443
List the prime factors of 2086169717.
3229, 646073
What are the prime factors of 33728981?
11, 13, 149, 1583
List the prime factors of 137838078.
2, 3, 7, 113, 461
What are the prime factors of 1417201033?
12109, 117037
List the prime factors of 140422451.
13, 71, 167, 911
What are the prime factors of 893579146?
2, 29, 449, 34313
List the prime factors of 99516505.
5, 11, 1809391
List the prime factors of 594982598.
2, 7, 6071251
List the prime factors of 51342649.
51342649
What are the prime factors of 4489093355?
5, 17, 3106639
List the prime factors of 3764851500.
2, 3, 5, 127, 19763
List the prime factors of 592087695.
3, 5, 2131, 18523
List the prime factors of 27358645.
5, 269, 20341
What are the prime factors of 532503902?
2, 7, 73, 521041
What are the prime factors of 8191168?
2, 131, 977
List the prime factors of 4043301258.
2, 3, 673883543
List the prime factors of 67587594.
2, 3, 11264599
What are the prime factors of 709601042?
2, 12433, 28537
What are the prime factors of 54323247?
3, 11, 59, 27901
List the prime factors of 3996965417.
3996965417
What are the prime factors of 417094667?
11, 107, 354371
What are the prime factors of 871774363?
61, 311, 45953
What are the prime factors of 1182698399?
97, 2053, 5939
What are the prime factors of 65364012?
2, 3, 7, 259381
What are the prime factors of 22144944?
2, 3, 37, 337
List the prime factors of 16413292.
2, 7, 586189
What are the prime factors of 230518079?
11, 17, 113, 10909
What are the prime factors of 572555800?
2, 5, 743, 3853
What are the prime factors of 376368061?
29, 359, 36151
List the prime factors of 49014732.
2, 3, 13, 24169
List the prime factors of 4703443595.
5, 229, 4107811
What are the prime factors of 5016431920?
2, 5, 62705399
List the prime factors of 54651244.
2, 1249, 10939
List the prime factors of 1446199761.
3, 482066587
What are the prime factors of 77791864?
2, 17, 33647
List the prime factors of 41051662.
2, 20525831
List the prime factors of 6947944424.
2, 4519, 192187
List the prime factors of 985301988.
2, 3, 11, 7464409
What are the prime factors of 716777273?
17, 3617, 11657
List the prime factors of 961753336.
2, 59, 1307, 1559
What are the prime factors of 2064044704?
2, 37, 179, 9739
List the prime factors of 1662989507.
167, 9958021
What are the prime factors of 212419056?
2, 3, 4425397
List the prime factors of 109125532.
2, 27281383
What are the prime factors of 1365674339?
12203, 111913
What are the prime factors of 56980819?
7, 8140117
List the prime factors of 10200060.
2, 3, 5, 13, 1453
List the prime factors of 1755266534.
2, 7, 17910883
What are the prime factors of 13798779?
3, 71, 64783
What are the prime factors of 149107860?
2, 3, 5, 11, 75307
List the prime factors of 5276960037.
3, 14251, 41143
What are the prime factors of 136448514?
2, 3, 83, 91331
List the prime factors of 188611881.
3, 1619, 38833
What are the prime factors of 52710107?
52710107
What are the prime factors of 199485557?
43, 107, 191, 227
What are the prime factors of 1119999771?
3, 11, 3771043
What are the prime factors of 1229230677?
3, 9791, 41849
What are the prime factors of 404322270?
2, 3, 5, 11, 1225219
What are the prime factors of 8009228861?
467, 3697, 4639
List the prime factors of 1486568361.
3, 23, 2083, 10343
List the prime factors of 2723320539.
3, 61, 4960511
What are the prime factors of 1331739223?
1331739223
List the prime factors of 22152721.
1997, 11093
List the prime factors of 1223399795